{"id":2109,"date":"2024-12-15T20:59:01","date_gmt":"2024-12-15T20:59:01","guid":{"rendered":"https:\/\/kecioutdoor.com\/?page_id=2109"},"modified":"2026-03-30T19:54:08","modified_gmt":"2026-03-30T19:54:08","slug":"gelidonya-feneri-olympos","status":"publish","type":"page","link":"https:\/\/kecioutdoor.com\/?page_id=2109","title":{"rendered":"Gelidonya Feneri Olympos Antik Kenti"},"content":{"rendered":"\t\t<div data-elementor-type=\"wp-page\" data-elementor-id=\"2109\" class=\"elementor elementor-2109\">\n\t\t\t\t<div class=\"elementor-element elementor-element-ed89eb4 e-flex e-con-boxed e-con e-parent\" data-id=\"ed89eb4\" data-element_type=\"container\">\n\t\t\t\t\t<div class=\"e-con-inner\">\n\t\t\t\t<div class=\"elementor-element elementor-element-22848155 elementor-widget elementor-widget-text-editor\" data-id=\"22848155\" data-element_type=\"widget\" data-widget_type=\"text-editor.default\">\n\t\t\t\t<div class=\"elementor-widget-container\">\n\t\t\t\t\t\t\t\t\t<h2 data-section-id=\"ff7toh\" data-start=\"76\" data-end=\"102\">\ud83c\udf3f ETK\u0130NL\u0130K TAR\u0130HLER\u0130<\/h2>\n<p data-start=\"103\" data-end=\"154\">\ud83d\udcc5 <strong data-start=\"106\" data-end=\"127\">23\u201324\u201325\u201326 Nisan<\/strong><br data-start=\"127\" data-end=\"130\" \/>\ud83d\udcc5 <strong data-start=\"133\" data-end=\"154\">14\u201315\u201316\u201317 May\u0131s<\/strong><\/p>\n<hr data-start=\"156\" data-end=\"159\" \/>\n<h1 data-section-id=\"xnwfmn\" data-start=\"161\" data-end=\"208\">\ud83c\udf04 4 G\u00fcnl\u00fck Olympos Maceras\u0131na Haz\u0131r M\u0131s\u0131n\u0131z?<\/h1>\n<p data-start=\"210\" data-end=\"294\">Do\u011fan\u0131n, tarihin ve Akdeniz\u2019in e\u015fsiz atmosferinde unutulmaz bir yolculu\u011fa \u00e7\u0131k\u0131yoruz\u2026<\/p>\n<hr data-start=\"296\" data-end=\"299\" \/>\n<h2 data-section-id=\"9i0ggx\" data-start=\"301\" data-end=\"348\">\ud83e\udd7e 1. G\u00fcn: Tan\u0131\u015fma &amp; \u0130lk Ad\u0131mlar (Olympos)<\/h2>\n<p data-start=\"349\" data-end=\"440\">Saat 12:00\u2019de havaliman\u0131nda bulu\u015fuyor ve transfer arac\u0131m\u0131zla Ulup\u0131nar\u2019a hareket ediyoruz.<\/p>\n<p data-start=\"442\" data-end=\"643\">Vadiler aras\u0131ndan ilerleyerek do\u011fan\u0131n kalbine ad\u0131m at\u0131yor, orman patikalar\u0131n\u0131 takip ederek <strong data-start=\"533\" data-end=\"556\">efsanevi Yanarta\u015f\u2019a<\/strong> ula\u015f\u0131yoruz. Binlerce y\u0131ld\u0131r s\u00f6nmeyen bu do\u011fal ate\u015fin b\u00fcy\u00fcs\u00fcn\u00fc birlikte hissediyoruz.<\/p>\n<p data-start=\"645\" data-end=\"748\">Ard\u0131ndan \u00c7\u0131ral\u0131 sahilinden y\u00fcr\u00fcyerek pansiyonumuza ge\u00e7iyor, yerle\u015fme sonras\u0131 ak\u015fam yeme\u011fimizi al\u0131yoruz.<\/p>\n<hr data-start=\"750\" data-end=\"753\" \/>\n<h2 data-section-id=\"3d1uuv\" data-start=\"755\" data-end=\"805\">\ud83c\udf32 2. G\u00fcn: Adrasan \u2192 Olympos Y\u00fcr\u00fcy\u00fc\u015f\u00fc (17 KM)<\/h2>\n<p data-start=\"806\" data-end=\"872\">Kahvalt\u0131n\u0131n ard\u0131ndan k\u0131sa bir transfer ile Adrasan\u2019a ula\u015f\u0131yoruz.<\/p>\n<p data-start=\"874\" data-end=\"1104\">\u00c7am ormanlar\u0131n\u0131n i\u00e7inde keyifli bir t\u0131rman\u0131\u015fla <strong data-start=\"921\" data-end=\"953\">Musa Da\u011f\u0131 eteklerine (700 m)<\/strong> y\u00fckseliyoruz. Manzara e\u015fli\u011finde verece\u011fimiz molan\u0131n ard\u0131ndan, defne ve sandal a\u011fa\u00e7lar\u0131yla bezeli patikalardan y\u00fcr\u00fcyerek Olympos sahiline ula\u015f\u0131yoruz.<\/p>\n<p data-start=\"1106\" data-end=\"1182\">Ak\u015fam pansiyonumuzda yeme\u011fimizi al\u0131yor, g\u00fcn\u00fc serbest zaman ile tamaml\u0131yoruz.<\/p>\n<hr data-start=\"1184\" data-end=\"1187\" \/>\n<h2 data-section-id=\"3osyzn\" data-start=\"1189\" data-end=\"1253\">\ud83c\udf0a 3. G\u00fcn: Adrasan \u2192 Gelidonya Feneri \u2192 Korsan Koyu (15 KM) (Alternatif 6 km)<\/h2>\n<p data-start=\"1254\" data-end=\"1309\">Kahvalt\u0131 sonras\u0131 y\u00fcr\u00fcy\u00fc\u015f\u00fcm\u00fcze Adrasan\u2019dan ba\u015fl\u0131yoruz.<\/p>\n<p data-start=\"1311\" data-end=\"1466\">Muhte\u015fem Akdeniz manzaralar\u0131 ve <strong data-start=\"1343\" data-end=\"1354\">Suluada<\/strong> e\u015fli\u011finde ilerleyerek T\u00fcrkiye\u2019nin en y\u00fcksek deniz fenerlerinden biri olan <strong data-start=\"1429\" data-end=\"1452\">Gelidonya Feneri\u2019ne<\/strong> ula\u015f\u0131yoruz.<\/p>\n<p data-start=\"1468\" data-end=\"1580\">Foto\u011fraf molas\u0131 sonras\u0131 y\u00fcr\u00fcy\u00fc\u015f\u00fcm\u00fcze devam ediyor ve g\u00fcn\u00fc <strong data-start=\"1526\" data-end=\"1564\">Korsan Koyu\u2019nun e\u015fsiz atmosferinde<\/strong> tamaml\u0131yoruz.<\/p>\n<p data-start=\"1582\" data-end=\"1647\">Servis ile pansiyona d\u00f6n\u00fc\u015f ve ak\u015fam yeme\u011fi sonras\u0131 serbest zaman.<\/p>\n<hr data-start=\"1649\" data-end=\"1652\" \/>\n<h2 data-section-id=\"1st4pve\" data-start=\"1654\" data-end=\"1702\">\ud83c\udfdb\ufe0f 4. G\u00fcn: Olympos &amp; Serbest Zaman (14 KM)<\/h2>\n<p data-start=\"1703\" data-end=\"1746\">Son kahvalt\u0131m\u0131z\u0131n ard\u0131ndan serbest zaman.<\/p>\n<p data-start=\"1748\" data-end=\"1822\">Dileyenlerle <strong data-start=\"1761\" data-end=\"1794\">Olympos Antik Kenti\u2019nde ke\u015fif<\/strong> ve deniz keyfi yap\u0131yoruz.<\/p>\n<p data-start=\"1824\" data-end=\"1889\">Bu e\u015fsiz macera sona ererken, yan\u0131m\u0131za unutulmaz an\u0131lar al\u0131yoruz\u2026<\/p>\n<hr data-start=\"1891\" data-end=\"1894\" \/>\n<h1 data-section-id=\"pcivu6\" data-start=\"1896\" data-end=\"1922\">\u2705 \u00dccrete Dahil Hizmetler<\/h1>\n<p data-start=\"1923\" data-end=\"2136\">\u2714\ufe0f Profesyonel rehberlik &amp; trekking e\u011fitimi<br data-start=\"1966\" data-end=\"1969\" \/>\u2714\ufe0f \u00c7anta &amp; valiz transferi<br data-start=\"1995\" data-end=\"1998\" \/>\u2714\ufe0f 3 gece Olympos\u2019ta konaklama<br data-start=\"2028\" data-end=\"2031\" \/>\u2714\ufe0f Sabah kahvalt\u0131lar\u0131, ak\u015fam yemekleri &amp; \u00f6\u011fle kumanyalar\u0131<br data-start=\"2088\" data-end=\"2091\" \/>\u2714\ufe0f Antalya havaliman\u0131 \/ otogar transferleri<\/p>\n<hr data-start=\"2138\" data-end=\"2141\" \/>\n<h1 data-section-id=\"248uf1\" data-start=\"2143\" data-end=\"2170\">\u274c \u00dccrete Dahil Olmayanlar<\/h1>\n<p data-start=\"2171\" data-end=\"2299\">\u2716\ufe0f Antalya\u2019ya ula\u015f\u0131m<br data-start=\"2191\" data-end=\"2194\" \/>\u2716\ufe0f Yemeklerde al\u0131nan i\u00e7ecekler<br data-start=\"2224\" data-end=\"2227\" \/>\u2716\ufe0f M\u00fcze &amp; \u00f6ren yeri giri\u015f \u00fccretleri<br data-start=\"2262\" data-end=\"2265\" \/>\u2716\ufe0f Belirtilmeyen di\u011fer hizmetler<\/p>\n<hr data-start=\"2301\" data-end=\"2304\" \/>\n<h1 data-section-id=\"3rdyv\" data-start=\"2306\" data-end=\"2328\">\ud83d\udcb0 Kat\u0131l\u0131m Detaylar\u0131<\/h1>\n<p data-start=\"2329\" data-end=\"2465\">\ud83d\udc65 <strong data-start=\"2332\" data-end=\"2346\">Kontenjan:<\/strong> Minimum 6 \u2013 Maksimum 15 ki\u015fi<br data-start=\"2375\" data-end=\"2378\" \/>\ud83d\udcb5 <strong data-start=\"2381\" data-end=\"2391\">Fiyat:<\/strong> 19.500 TL (2 ki\u015filik odada ki\u015fi ba\u015f\u0131)<br data-start=\"2429\" data-end=\"2432\" \/>\ud83d\udecf\ufe0f <strong data-start=\"2436\" data-end=\"2453\">Single fark\u0131:<\/strong> +5.000 TL<\/p>\n<hr data-start=\"2467\" data-end=\"2470\" \/>\n<h1 data-section-id=\"1d0doz0\" data-start=\"2472\" data-end=\"2492\">\ud83d\udcb3 \u00d6deme Bilgileri<\/h1>\n<p data-start=\"2493\" data-end=\"2598\">\ud83c\udfe6 <strong data-start=\"2496\" data-end=\"2510\">Hesap Ad\u0131:<\/strong> Jettrans Turizm Ta\u015f\u0131mac\u0131l\u0131k Ltd. \u015eti.<br data-start=\"2548\" data-end=\"2551\" \/>\ud83d\udd22 <strong data-start=\"2554\" data-end=\"2563\">IBAN:<\/strong> TR46 0001 0009 9097 8030 3550 01<\/p>\n<p data-start=\"2600\" data-end=\"2636\">\ud83d\udcf2 <strong data-start=\"2603\" data-end=\"2616\">WhatsApp:<\/strong> +90 555 810 12 67<\/p>\n<p data-start=\"2638\" data-end=\"2765\">\u27a1\ufe0f <strong data-start=\"2641\" data-end=\"2715\">Rezervasyon i\u00e7in 5.000 TL kapora g\u00f6nderip dekont iletmeniz yeterlidir.<\/strong><br data-start=\"2715\" data-end=\"2718\" \/>\u27a1\ufe0f Kalan \u00f6deme etkinlik g\u00fcn\u00fc nakit al\u0131nacakt\u0131r.<\/p>\n<hr data-start=\"2767\" data-end=\"2770\" \/>\n<h1 data-section-id=\"te1wp4\" data-start=\"2772\" data-end=\"2790\">\ud83d\udccc \u00d6nemli Notlar<\/h1>\n<p data-start=\"2791\" data-end=\"2920\">\ud83d\udccd Fiyatlar iki ki\u015filik odada ki\u015fi ba\u015f\u0131d\u0131r<br data-start=\"2833\" data-end=\"2836\" \/>\ud83d\udccd Etkinlik, <strong data-start=\"2849\" data-end=\"2890\">Dalaman Jet Travel (T\u00dcRSAB No: 16954)<\/strong> taraf\u0131ndan d\u00fczenlenmektedir<\/p>\n<hr data-start=\"2922\" data-end=\"2925\" \/>\n<h1 data-section-id=\"1t2ro8s\" data-start=\"2927\" data-end=\"2947\">\u26a0\ufe0f \u0130ptal Ko\u015fullar\u0131<\/h1>\n<p data-start=\"2948\" data-end=\"3100\">\u2022 15 g\u00fcn \u00f6ncesine kadar \u00fccretsiz iptal<br data-start=\"2986\" data-end=\"2989\" \/>\u2022 15 g\u00fcn kala yap\u0131lan iptallerde kapora iade edilmez<br data-start=\"3041\" data-end=\"3044\" \/>\u2022 Son 7 g\u00fcn i\u00e7inde iptalde \u00fccretin tamam\u0131 talep edilir<\/p>\n<p><!-- \/wp:list-item --><\/p>\n<p><!-- \/wp:list --><!-- wp:paragraph --><\/p>\n<p><!-- \/wp:paragraph --><\/p>\t\t\t\t\t\t\t\t<\/div>\n\t\t\t\t<\/div>\n\t\t\t\t\t<\/div>\n\t\t\t\t<\/div>\t\t<\/div>\n\t\t","protected":false},"excerpt":{"rendered":"<p>&#x1f33f; ETK\u0130NL\u0130K TAR\u0130HLER\u0130 &#x1f4c5; 23\u201324\u201325\u201326 Nisan&#x1f4c5; 14\u201315\u201316\u201317 May\u0131s &#x1f304; 4 G\u00fcnl\u00fck Olympos Maceras\u0131na Haz\u0131r M\u0131s\u0131n\u0131z? Do\u011fan\u0131n, tarihin ve Akdeniz\u2019in e\u015fsiz atmosferinde unutulmaz bir yolculu\u011fa \u00e7\u0131k\u0131yoruz\u2026 &#x1f97e; 1. G\u00fcn: Tan\u0131\u015fma &amp; \u0130lk Ad\u0131mlar (Olympos) Saat 12:00\u2019de havaliman\u0131nda bulu\u015fuyor ve transfer arac\u0131m\u0131zla Ulup\u0131nar\u2019a hareket ediyoruz. Vadiler aras\u0131ndan ilerleyerek do\u011fan\u0131n kalbine ad\u0131m at\u0131yor, orman patikalar\u0131n\u0131 takip ederek efsanevi [&hellip;]<\/p>\n","protected":false},"author":1,"featured_media":0,"parent":0,"menu_order":0,"comment_status":"closed","ping_status":"closed","template":"","meta":{"_acf_changed":false,"inline_featured_image":false,"footnotes":""},"class_list":["post-2109","page","type-page","status-publish","hentry"],"acf":[],"_links":{"self":[{"href":"https:\/\/kecioutdoor.com\/index.php?rest_route=\/wp\/v2\/pages\/2109","targetHints":{"allow":["GET"]}}],"collection":[{"href":"https:\/\/kecioutdoor.com\/index.php?rest_route=\/wp\/v2\/pages"}],"about":[{"href":"https:\/\/kecioutdoor.com\/index.php?rest_route=\/wp\/v2\/types\/page"}],"author":[{"embeddable":true,"href":"https:\/\/kecioutdoor.com\/index.php?rest_route=\/wp\/v2\/users\/1"}],"replies":[{"embeddable":true,"href":"https:\/\/kecioutdoor.com\/index.php?rest_route=%2Fwp%2Fv2%2Fcomments&post=2109"}],"version-history":[{"count":39,"href":"https:\/\/kecioutdoor.com\/index.php?rest_route=\/wp\/v2\/pages\/2109\/revisions"}],"predecessor-version":[{"id":2400,"href":"https:\/\/kecioutdoor.com\/index.php?rest_route=\/wp\/v2\/pages\/2109\/revisions\/2400"}],"wp:attachment":[{"href":"https:\/\/kecioutdoor.com\/index.php?rest_route=%2Fwp%2Fv2%2Fmedia&parent=2109"}],"curies":[{"name":"wp","href":"https:\/\/api.w.org\/{rel}","templated":true}]}}